 2*s + 3*s - 50 = 0. What is the remainder when 38 is divided by s?
8
Suppose -4*i = -20, -5*l - i - 3*i = -80. Suppose -l + 39 = 3*x. Suppose -f - f = 5*m - 35, m = f - 28. Calculate the remainder when f is divided by x.
7
Suppose -3*p = 5*f - 7 - 11, -3*p - 3*f = -24. Calculate the remainder when 30 is divided by p.
8
Suppose 0 = -2*f + 5*w - 0*w + 83, 4*w = 5*f - 233. Calculate the remainder when f is divided by 13.
10
Let f(y) = -y**3 + 19*y**2 + 25*y - 14. What is the remainder when f(20) is divided by 29?
28
Suppose q - 1 = -0. What is the remainder when 2/6 + (-8)/(-12) is divided by q?
0
Suppose v + 1 = 3. Let x be (-14)/(-4) + (-3)/6. Suppose -x = -v*p + 1. What is the remainder when 6 is divided by p?
0
Suppose 37 = -3*w - 5*j, -4*j + 28 = -0*w - 4*w. Let b = -12 - -34. Let o = w + b. Calculate the remainder when 25 is divided by o.
12
Suppose -5*k + 4*k = 3. Let c(j) = -j**3 + j**2 + 3*j + 4. Calculate the remainder when c(k) is divided by 16.
15
Suppose b + q + 3 = -7, 2*q = 4*b + 10. Calculate the remainder when 46 is divided by 57/3 + (b - -2).
14
Let p(g) be the second derivative of -g**5/20 - g**4/4 + 4*g**3/3 + 2*g**2 - 2*g. What is the remainder when p(-5) is divided by 8?
6
Suppose -m + 2*x = 6*x - 44, x = 5*m - 178. What is the remainder when m is divided by 28?
8
Let p(l) = l**3 - 5*l**2 - 3*l - 8. Suppose -x = 0, x - 1 = -s - 0*x. What is the remainder when -4*(s + 69/(-12)) is divided by p(6)?
9
Suppose -3*m = -l + 69, 6 = 5*m - 4. Suppose -3*a + 8*a - l = 0. What is the remainder when 43 is divided by a?
13
Let o(i) = i**2 + 9*i + 5. Let k(t) = t**2 + 8*t + 5. Let x(f) = 3*k(f) - 2*o(f). What is the remainder when 23 is divided by x(-7)?
11
Let c = 252 + -433. Let u = c - -260. What is the remainder when u is divided by 27?
25
Suppose -4*t + 8 = -40. What is the remainder when 57 is divided by t?
9
Let d(g) = g**3 + 15*g**2 - g + 21. Let m be 6*(-1)/(8/20). What is the remainder when d(m) is divided by 13?
10
Suppose 10 = 2*d - 0*d - 2*m, 0 = -3*d + 5*m + 15. Suppose 4*q = 5*o - 100, 14 = -d*o + 5*q + 109. What is the remainder when o is divided by 13?
11
Suppose -z + 2 = 3*i - 33, 3*i + 47 = z. What is the remainder when z is divided by 11?
8
Let o(r) = r**3 + 5*r**2 + 4*r + 2. Let a be o(-4). Suppose a*t = 3*d + 4 - 20, -5*t + 2*d - 18 = 0. What is the remainder when (t - -4)*183/6 is divided by 21?
19
Let k = -9 - -2. Let y(i) = i**3 - 5*i**2 - i - 6. Let h be y(5). Let u = k - h. Calculate the remainder when 7 is divided by u.
3
Let u(a) = 3*a**2 - 15*a - 7. Let x(z) = -7*z**2 + 29*z + 14. Let c(l) = -5*u(l) - 2*x(l). What is the remainder when c(13) is divided by 15?
14
Let i = -5 + 23. Let l be 0 - (-2 + -1 + 1). Suppose 4*v - t = v + 105, -l*v - t + 70 = 0. Calculate the remainder when v is divided by i.
17
Suppose 3*w = 250 + 44. Suppose q - 4 = 21. What is the remainder when w is divided by q?
23
Let p be ((-122)/(-4))/(12/24). Let t = -36 + p. What is the remainder when t is divided by 7?
4
Let p = 20 + -5. What is the remainder when 58 is divided by p?
13
Let v = -282 - -397. Calculate the remainder when v is divided by 58.
57
Let r = 6 + -2. Suppose -2*b = -3*b + 2. Suppose 37 = p + r*k, 0*p = -b*p + 4*k + 38. What is the remainder when p is divided by 13?
12
Suppose 441 = -z - 2*z. Let w(i) = 21*i**2 - i + 1. Calculate the remainder when w(1) is divided by 1/2 - z/14.
10
Suppose d - 2*d + 8 = 0. Calculate the remainder when 13 is divided by d.
5
Let h(s) = 7*s**2 + s. Let l = -9 + 10. Calculate the remainder when 30 is divided by h(l).
6
What is the remainder when (2 - (-3 + 4) - -2) + 31 is divided by 12?
10
Let j be ((-3)/2)/((-6)/(-8)). Suppose -m + 2*m - 11 = 0. What is the remainder when m is divided by 4*3*j/(-4)?
5
What is the remainder when 70 is divided by ((-424)/(-16) - 4)*(-4)/(-6)?
10
Suppose 2*o = 6*o - 60. Calculate the remainder when 27 is divided by o.
12
Let u(x) = 45*x - 1. Suppose 285 + 2181 = 3*i. Calculate the remainder when u(1) is divided by i/54 - 2/9.
14
Suppose p + 39 = 2*b, -3*b - 2*p + 51 = -4. Calculate the remainder when 47 is divided by b.
9
Suppose 0 = 5*i - 5*p - 15, -2*i = i + 2*p - 34. Calculate the remainder when 23 is divided by i.
7
Suppose 2*b = -4*n + 14, 3 = n + 2*b + 1. Suppose 10 = -3*x - 2, n*r = x - 28. Let j = 22 + r. What is the remainder when 27 is divided by j?
13
Suppose 2*r - 16 - 2 = -4*v, 4*v = 2*r - 2. Suppose 0 = v*l - 6*l + 40. Calculate the remainder when l is divided by 4.
2
Let o(d) = -9*d + 1. Let c(h) = -h**3 + 6*h**2 - 5*h + 4. Calculate the remainder when o(-1) is divided by c(5).
2
Let p(q) = 5*q**3 - q**2 + 2. Let k be p(-2). Calculate the remainder when 29 is divided by (-3)/6 - k/4.
9
Let z = 49 + -31. Calculate the remainder when z is divided by 13.
5
Let o be -15*(-1 - (-6)/10). Suppose -o - 3 = -3*w. What is the remainder when 4 is divided by w?
1
Let o be 27/5 + (-2)/5. Suppose -3*s = 6 - 18, -4*s + 16 = -2*v. Suppose v = -h + 3 + o. Calculate the remainder when 15 is divided by h.
7
Let y(s) = -s**2 - 7*s - 2. Let r = -4 + 6. Suppose 20 = -0*o + r*o. Calculate the remainder when o is divided by y(-6).
2
Suppose 0*n - 120 = -2*n. Suppose 3*t = n - 18. Let k = 75 + -67. What is the remainder when t is divided by k?
6
Let i = -3 - -4. What is the remainder when (2/(-4))/(i/(-14)) is divided by 5?
2
Suppose -3 = 4*l - 7. Let n be l - ((-2 - 0) + 2). Let k = n + 1. What is the remainder when 3 is divided by k?
1
Let g(f) be the third derivative of -f**5/60 + f**4/8 + 5*f**3/6 - f**2. What is the remainder when (-20)/(-16) + (-1)/4 is divided by g(4)?
0
Let f(y) = -3*y - 35. Let i = 2 - 1. Calculate the remainder when f(-12) is divided by i.
0
Suppose -15 = 5*u, -u - 8 = -c + 48. Calculate the remainder when c is divided by 28.
25
Suppose 3*b - 6*b = 0. Suppose 5*i = -b*i, 4*k = -2*i. Suppose k = -m - 2*u - 1, 2*u = -m + u + 3. Calculate the remainder when 19 is divided by m.
5
Let o(c) be the first derivative of 2*c**2 - 2*c - 1. Let f = 6 + -4. Calculate the remainder when 11 is divided by o(f).
5
Suppose 2*l = -3*z + 83 - 24, -4*l - 3*z + 103 = 0. Let q = l + -15. What is the remainder when 24 is divided by q?
3
Let m = 47 - 27. What is the remainder when m is divided by (16/(-10))/(32/(-240))?
8
Calculate the remainder when 45 is divided by (-16)/((-5)/(-10)*-2).
13
What is the remainder when 39 is divided by ((-21)/4)/((-90)/80)*3?
11
Suppose -7*r + 160 + 36 = 0. Calculate the remainder when 55 is divided by r.
27
Let w be -7 + 8 - (0 + 1). Suppose -l + 2*o = -w*l - 10, 50 = 5*l + 4*o. What is the remainder when 29 is divided by l?
9
Suppose -5*z - 275 = -4*s, -4*s + 4*z + 8 + 268 = 0. Suppose 3*d - 32 = 40. Calculate the remainder when s is divided by d.
22
Suppose 0 = x - 4 - 0. Suppose -7*q = -3*q - 56. What is the remainder when q is divided by (-25)/(-3) + x/(-12)?
6
Suppose 16 = 2*z + 4*s, 0 = 3*z + 2*s - 7 - 1. Let j be (-2 + z)*13/2. Let x = j - -57. What is the remainder when x is divided by 15?
14
Let a = 88 - 65. What is the remainder when 41 is divided by a?
18
Let w(y) = -3*y. Let s(i) = -i**2 - 5*i - 2. Let t be s(-5). Let v be w(t). Calculate the remainder when 4 is divided by (v/(-8))/(2/(-8)).
1
Suppose -23*t = -24*t + 295. Calculate the remainder when t is divided by 37.
36
Let b = 0 + 10. Let z be (-64)/(-4)*(8 + -1). Suppose -3*n + z = n. What is the remainder when n is divided by b?
8
Suppose 5*g - 5*a = 278 + 87, 0 = 5*g - 3*a - 365. Suppose 2*k - g - 1 = 0. Let w = k - 13. Calculate the remainder when w is divided by 13.
11
Let y = -3 + 3. Suppose y = -2*m + 5*m - 9. Suppose 85 = 5*l - 5*i, -3*i + 63 = -0*l + m*l. Calculate the remainder when 55 is divided by l.
17
Suppose v - 168 = -2*v. Let u = -8 + 10. Suppose 5*a - 57 = u*a. What is the remainder when v is divided by a?
18
What is the remainder when 382/14 - 4/14 is divided by 14?
13
Suppose 14 - 2 = 4*a. Calculate the remainder when 33 is divided by 15 + (2 - 3) + a.
16
What is the remainder when ((-328)/(-20))/(4/10) is divided by 21?
20
Suppose k = 18 + 18. Suppose w + 2*w = k. Calculate the remainder when 34 is divided by w.
10
Let g(d) = 10*d + 1. Let x = 0 - -20. Suppose x + 20 = 2*u. What is the remainder when u is divided by g(1)?
9
Let r(w) = -21